ed by 774?
12
Calculate the remainder when 232302 is divided by 77008.
1278
What is the remainder when 1039458 is divided by 529?
502
What is the remainder when 662446 is divided by 3808?
3662
What is the remainder when 5999 is divided by 3327?
2672
What is the remainder when 942562 is divided by 46?
22
What is the remainder when 149817 is divided by 2412?
273
What is the remainder when 105346504 is divided by 118?
116
Calculate the remainder when 915085 is divided by 1676.
1665
What is the remainder when 2632244 is divided by 64201?
3
Calculate the remainder when 1679366 is divided by 8273.
8220
What is the remainder when 223385003 is divided by 868?
863
What is the remainder when 54154203 is divided by 13538546?
19
What is the remainder when 664441 is divided by 23728?
57
What is the remainder when 262729210 is divided by 348?
346
Calculate the remainder when 1426745 is divided by 82.
27
What is the remainder when 398552 is divided by 44271?
113
What is the remainder when 210926 is divided by 603?
479
Calculate the remainder when 2334135 is divided by 1612.
1571
Calculate the remainder when 45553 is divided by 22654.
245
Calculate the remainder when 7269305 is divided by 177.
92
What is the remainder when 148646 is divided by 1881?
47
What is the remainder when 52727823 is divided by 7532544?
15
Calculate the remainder when 8130848 is divided by 102922.
10
Calculate the remainder when 1699430 is divided by 1516.
1510
Calculate the remainder when 995680 is divided by 16059.
22
What is the remainder when 21250101 is divided by 49?
26
What is the remainder when 10130273 is divided by 63?
62
What is the remainder when 52088701 is divided by 4364?
4361
What is the remainder when 55933 is divided by 2178?
1483
What is the remainder when 836844 is divided by 15497?
6
What is the remainder when 1568330 is divided by 783423?
1484
What is the remainder when 4625046 is divided by 10?
6
Calculate the remainder when 136811 is divided by 1104.
1019
What is the remainder when 108098 is divided by 12002?
80
What is the remainder when 810243 is divided by 4552?
4539
What is the remainder when 77148 is divided by 1766?
1210
What is the remainder when 9433718 is divided by 410161?
15
What is the remainder when 12574511 is divided by 1660?
11
What is the remainder when 369785 is divided by 2722?
2315
What is the remainder when 4216857 is divided by 45?
42
What is the remainder when 65959252 is divided by 97?
28
What is the remainder when 265634 is divided by 395?
194
Calculate the remainder when 23675003 is divided by 763709.
24
What is the remainder when 150045052 is divided by 376?
372
Calculate the remainder when 17856198 is divided by 3571237.
13
Calculate the remainder when 5773360 is divided by 1076.
620
Calculate the remainder when 337611 is divided by 21088.
203
Calculate the remainder when 135308 is divided by 345.
68
Calculate the remainder when 40499039 is divided by 15.
14
Calculate the remainder when 63272 is divided by 27.
11
Calculate the remainder when 4040614 is divided by 602.
592
What is the remainder when 135071823 is divided by 1928?
1927
What is the remainder when 2899123 is divided by 240?
163
What is the remainder when 93588114 is divided by 128?
18
What is the remainder when 684697 is divided by 371?
202
Calculate the remainder when 1688858 is divided by 1026.
62
What is the remainder when 375716 is divided by 15028?
16
Calculate the remainder when 465612 is divided by 162.
24
Calculate the remainder when 43250 is divided by 980.
130
What is the remainder when 70155 is divided by 1491?
78
Calculate the remainder when 14678 is divided by 3349.
1282
What is the remainder when 67604177 is divided by 1999?
1995
Calculate the remainder when 8672168 is divided by 20501.
245
What is the remainder when 274334 is divided by 16128?
158
What is the remainder when 183086127 is divided by 2055?
12
What is the remainder when 2354328 is divided by 87195?
63
Calculate the remainder when 1409125 is divided by 44035.
5
Calculate the remainder when 12350 is divided by 4058.
176
What is the remainder when 2181482 is divided by 5?
2
What is the remainder when 2270504 is divided by 27689?
6
What is the remainder when 11734373 is divided by 106676?
13
What is the remainder when 8068602 is divided by 91?
87
Calculate the remainder when 1492734 is divided by 2749.
27
Calculate the remainder when 32311704 is divided by 31.
1
Calculate the remainder when 20613311 is divided by 4398.
4283
Calculate the remainder when 2420300 is divided by 252.
92
What is the remainder when 106719 is divided by 52?
15
What is the remainder when 16224931 is divided by 2261?
2256
What is the remainder when 308716 is divided by 4009?
23
What is the remainder when 17117857 is divided by 5351?
8
What is the remainder when 569296653 is divided by 1048?
1045
Calculate the remainder when 99823535 is divided by 29.
25
What is the remainder when 3781995 is divided by 1525?
1520
What is the remainder when 21162142 is divided by 4198?
24
Calculate the remainder when 34217 is divided by 473.
161
Calculate the remainder when 680255 is divided by 512.
319
What is the remainder when 1467109 is divided by 1963?
748
What is the remainder when 6447377 is divided by 128?
17
What is the remainder when 37105 is divided by 3871?
2266
Calculate the remainder when 169227 is divided by 9398.
63
Calculate the remainder when 156571693 is divided by 29.
26
Calculate the remainder when 21814353 is divided by 439.
4
What is the remainder when 96395397 is divided by 34?
25
What is the remainder when 1652044 is divided by 226?
210
Calculate the remainder when 11585788 is divided by 9979.
169
What is the remainder when 4626927 is divided by 770?
767
What is the remainder when 650691 is divided by 35?
6
Calculate the remainder when 1584828 is divided by 901.
870
Calculate the remainder when 147663 is divided by 1490.
153
Calculate the remainder when 16698309 is divided by 138.
33
What is the remainder when 2554751 is divided by 1982?
1935
Calculate the remainder when 748483175 is divided by 13.
11
What is the remainder when 3510638 is divided by 4026?
3992
Calculate the remainder when 11170 is divided by 7188.
3982
What is the remainder when 4349567 is divided by 2174767?
33
What is the remainder when 877214 is divided by 50?
14
What is the remainder when 86599215 is divided by 73?
45
Calculate the remainder when 90474389 is divided by 1538.
1
Calculate the remainder when 1994980 is divided by 34.
30
Calculate the remainder when 634298 is divided by 90250.
2548
What is the remainder when 1885088 is divided by 1482?
1466
What is the remainder when 1374466 is divided by 5950?
16
What is the remainder when 4809218 is divided by 69?
56
Calculate the remainder when 24051162 is divided by 11.
3
Calculate the remainder when 165423 is divided by 23626.
41
What is the remainder when 454886 is divided by 99?
80
Calculate the remainder when 2016683 is divided by 408.
347
Calculate the remainder when 1887112 is divided by 857.
855
Calculate the remainder when 5691550 is divided by 8.
6
Calculate the remainder when 12233 is divided by 9960.
2273
Calculate the remainder when 64722 is divided by 3309.
1851
Calculate the remainder when 38303 is divided by 9341.
939
Calculate the remainder when 1450347 is divided by 911.
35
What is the remainder when 4478095 is divided by 177?
172
What is the remainder when 61643 is divided by 505?
33
Calculate the remainder when 29611 is divided by 4931.
25
Calculate the remainder when 53089646 is divided by 1.
0
Calculate the remainder when 388801 is divided by 38880.
1
Calculate the remainder when 96377423 is divided by 2105.
2103
Calculate the remainder when 3679071 is divided by 1638.
123
What is the remainder when 45685519 is divided by 8?
7
Calculate the remainder when 3405350 is divided by 325.
0
What is the remainder when 12900092 is divided by 1858?
1856
What is the remainder when 13261580 is divided by 199?
21
Calculate the remainder when 6323 is divided by 5488.
835
What is the remainder when 145081 is divided by 19816?
6369
What is the remainder when 296648 is divided by 16413?
1214
What is the remainder when 3099 is divided by 1505?
89
Calculate the remainder when 22658419 is divi